{"id":85,"date":"2016-05-08T18:44:29","date_gmt":"2016-05-08T16:44:29","guid":{"rendered":"http:\/\/vinceneux.fr\/Photoblog\/?page_id=85"},"modified":"2025-02-16T17:58:55","modified_gmt":"2025-02-16T16:58:55","slug":"about","status":"publish","type":"page","link":"http:\/\/www.vinceneux.fr\/Photoblog\/?page_id=85","title":{"rendered":"Quien soy ? (Espa\u00f1ol)"},"content":{"rendered":"\n<p class=\"has-medium-font-size\"><span style=\"font-family: Verdana,serif;\"><span style=\"font-size: x-large;\"><b>Bernard Vinceneux<\/b><\/span><\/span> <strong>: Fot\u00f3grafo<\/strong><\/p>\n\n\n\n<div class=\"wp-block-group is-layout-flow wp-block-group-is-layout-flow\">\n<p>Soy un fot\u00f3grafo Franc\u00e9s que vive en Saint-Nazaire, cerca de Nantes (Francia), o en Menorca (Islas Baleares, Espa\u00f1a). <br>Mis temas favoritos en fotos son los paisajes, la arquitectura, las obras de arte y las fotograf\u00edas tomadas a ras del agua.<\/p>\n\n\n\n<p><span style=\"color: #000080;\"><span style=\"font-family: Times New Roman, serif;\"><span style=\"font-size: large;\"><span lang=\"en-GB\"><u><a href=\"mailto:bernard@vinceneux.fr\"><\/a><a href=\"mailto:bernard@vinceneux.fr\">bernard@vinceneux.fr<\/a><\/u><\/span><\/span><\/span><\/span><\/p>\n\n\n\n<p><strong>2025<\/strong> : \u00ab<em>Baile de los Ef\u00edmeros<\/em><strong>\u00bb<\/strong> Edici\u00f3n de un <a href=\"http:\/\/vinceneux.fr\/Photoblog\/?page_id=2292\" data-type=\"page\" data-id=\"2292\">libro<\/a> de fotos tomadas a ras del agua. (Auto edici\u00f3n, textos de Fr\u00e9d\u00e9ric Magnin). <br><strong>2024<\/strong> : Exposici\u00f3n en Agora, Saint-Nazaire (Francia), en el contexto del hermanamiento con Avil\u00e9s. <br><strong>2023<\/strong> : Exposici\u00f3n en Paimboeuf (Francia), en la galer\u00eda \u00ab\u00a0A contra corriente\u00a0\u00bb, como parte del colectivo \u00ab\u00a0<em>Les PasNets<\/em>\u00ab\u00a0.<br><strong>2022<\/strong> : \u00ab<em>Bellezas t\u00f3xicas<\/em>\u00bb Edici\u00f3n de un <a href=\"http:\/\/vinceneux.fr\/Photoblog\/?page_id=2292\" data-type=\"page\" data-id=\"2292\">libro<\/a> de fotos sobre los pl\u00e1sticos (Auto edici\u00f3n, textos de Philippe Gicquel). <br>Exposici\u00f3n, con odilE, en el Convento de Sant Diego en Alaior (Menorca, Baleares) : \u00abLatas y pl\u00e1sticos : Bellezas t\u00f3xicas\u00bb.<br><strong>2019<\/strong> : \u00abPaseo Azul\u00bb Edici\u00f3n de un <a href=\"http:\/\/vinceneux.fr\/Photoblog\/?page_id=2292\" data-type=\"page\" data-id=\"2292\">libro<\/a> de fotos, todas tomadas a ras del agua en Menorca (Auto edici\u00f3n, textos de Philippe Gicquel).<br><strong>2018<\/strong> : \u00ab<em>Naoned Odysea, Homenaje a Nantes y sus poetas<\/em>\u00bb <a href=\"http:\/\/vinceneux.fr\/Photoblog\/?page_id=2292\" data-type=\"page\" data-id=\"2292\">Libro<\/a> de poemas y fotos sobre Nantes (Textos Thomas Grison, Edici\u00f3n Au pays r\u00eav\u00e9),<br><strong>2017<\/strong> : \u00ab<em>M\u00e1s all\u00e1 del espejo<\/em>\u00bb Exposici\u00f3n en Ciutadella (Menorca) : fotos tomadas a ras de la superficie del agua.. <br><strong>2016<\/strong> : \u00ab<em>Menorca, al filo del agua<\/em>\u00bb Exposici\u00f3n en Es Castell (Menorca), sobre el mismo tema. <br><strong>2017<\/strong> : \u00ab<em>Metamorfosis<\/em>\u00bb edici\u00f3n de un<a href=\"http:\/\/vinceneux.fr\/Photoblog\/?page_id=2292\" data-type=\"page\" data-id=\"2292\"> libro<\/a> de fotos sobre la transformaci\u00f3n del museo de las Bellas Artes de Nantes, con mi visi\u00f3n de la obra en el que mi mirada de ingeniero se une a este de fot\u00f3grafo. (Auto edici\u00f3n, textos de Philippe Gicquel). <br>Exposici\u00f3n de estas fotos en gran formato, en las rejas del jard\u00edn de las plantas en Nantes.<br><strong>2012&nbsp;<\/strong>: \u00ab<em>\u00bfA que juega la mediateca Floresca Gu\u00e9pin?<\/em>\u00bb , En esta exposici\u00f3n en Nantes, odilE y yo, unamos nuestras miradas para dar la vida a nuestros Playmobil. <br><strong>2009-2010<\/strong> : Exposiciones en Nantes sobre la construcci\u00f3n de los puentes Senghor y Tabarly (sobre el Loira en Nantes).<\/p>\n\n\n\n<p><br>En fin, publico en mi photoblog, de vez en cuando, mis ultimas fotos. Ver : <a href=\"http:\/\/vinceneux.fr\/Photoblog\/?page_id=2295\" data-type=\"page\" data-id=\"2295\">Actualit\u00e9s (Blog)<\/a><\/p>\n\n\n\n<p><span style=\"font-family: Times New Roman, serif;\"><span style=\"font-size: small;\"><\/span><\/span>Tambi\u00e9n soy miembro del colectivo de fot\u00f3grafos Les PasNets: ver el sitio <a href=\"https:\/\/lespasnets.fr\/\" target=\"_blank\" rel=\"noreferrer noopener\">Les PasNets<\/a><\/p>\n<\/div>\n\n\n\n<p><\/p>\n","protected":false},"excerpt":{"rendered":"<p>Bernard Vinceneux : Fot\u00f3grafo Soy un fot\u00f3grafo Franc\u00e9s que vive en Saint-Nazaire, cerca de Nantes (Francia), o en Menorca (Islas Baleares, Espa\u00f1a). Mis temas favoritos en fotos son los paisajes, la arquitectura, las obras de arte y las fotograf\u00edas tomadas a ras del agua. bernard@vinceneux.fr 2025 : \u00abBaile de los Ef\u00edmeros\u00bb Edici\u00f3n de un libro&#8230;<\/p>\n","protected":false},"author":1,"featured_media":0,"parent":145,"menu_order":2,"comment_status":"closed","ping_status":"closed","template":"","meta":{"_kad_post_transparent":"","_kad_post_title":"","_kad_post_layout":"","_kad_post_sidebar_id":"","_kad_post_content_style":"","_kad_post_vertical_padding":"","_kad_post_feature":"","_kad_post_feature_position":"","_kad_post_header":false,"_kad_post_footer":false,"_kad_post_classname":"","footnotes":""},"class_list":["post-85","page","type-page","status-publish","hentry"],"_links":{"self":[{"href":"http:\/\/www.vinceneux.fr\/Photoblog\/index.php?rest_route=\/wp\/v2\/pages\/85","targetHints":{"allow":["GET"]}}],"collection":[{"href":"http:\/\/www.vinceneux.fr\/Photoblog\/index.php?rest_route=\/wp\/v2\/pages"}],"about":[{"href":"http:\/\/www.vinceneux.fr\/Photoblog\/index.php?rest_route=\/wp\/v2\/types\/page"}],"author":[{"embeddable":true,"href":"http:\/\/www.vinceneux.fr\/Photoblog\/index.php?rest_route=\/wp\/v2\/users\/1"}],"replies":[{"embeddable":true,"href":"http:\/\/www.vinceneux.fr\/Photoblog\/index.php?rest_route=%2Fwp%2Fv2%2Fcomments&post=85"}],"version-history":[{"count":23,"href":"http:\/\/www.vinceneux.fr\/Photoblog\/index.php?rest_route=\/wp\/v2\/pages\/85\/revisions"}],"predecessor-version":[{"id":2764,"href":"http:\/\/www.vinceneux.fr\/Photoblog\/index.php?rest_route=\/wp\/v2\/pages\/85\/revisions\/2764"}],"up":[{"embeddable":true,"href":"http:\/\/www.vinceneux.fr\/Photoblog\/index.php?rest_route=\/wp\/v2\/pages\/145"}],"wp:attachment":[{"href":"http:\/\/www.vinceneux.fr\/Photoblog\/index.php?rest_route=%2Fwp%2Fv2%2Fmedia&parent=85"}],"curies":[{"name":"wp","href":"https:\/\/api.w.org\/{rel}","templated":true}]}}

Quien soy ? (Español)

<p class="has-medium-font-size"><span style="font-family: Verdana,serif;"><span style="font-size: x-large;"><b>Bernard Vinceneux</b></span></span> <strong>: Fotógrafo</strong></p>



<div class="wp-block-group is-layout-flow wp-block-group-is-layout-flow">
<p>Soy un fotógrafo Francés que vive en Saint-Nazaire, cerca de Nantes (Francia), o en Menorca (Islas Baleares, España). <br>Mis temas favoritos en fotos son los paisajes, la arquitectura, las obras de arte y las fotografías tomadas a ras del agua.</p>



<p><span style="color: #000080;"><span style="font-family: Times New Roman, serif;"><span style="font-size: large;"><span lang="en-GB"><u><a href="mailto:bernard@vinceneux.fr"></a><a href="mailto:bernard@vinceneux.fr">bernard@vinceneux.fr</a></u></span></span></span></span></p>



<p><strong>2025</strong> : «<em>Baile de los Efímeros</em><strong>»</strong> Edición de un <a href="http://vinceneux.fr/Photoblog/?page_id=2292" data-type="page" data-id="2292">libro</a> de fotos tomadas a ras del agua. (Auto edición, textos de Frédéric Magnin). <br><strong>2024</strong> : Exposición en Agora, Saint-Nazaire (Francia), en el contexto del hermanamiento con Avilés. <br><strong>2023</strong> : Exposición en Paimboeuf (Francia), en la galería « A contra corriente », como parte del colectivo « <em>Les PasNets</em>« .<br><strong>2022</strong> : «<em>Bellezas tóxicas</em>» Edición de un <a href="http://vinceneux.fr/Photoblog/?page_id=2292" data-type="page" data-id="2292">libro</a> de fotos sobre los plásticos (Auto edición, textos de Philippe Gicquel). <br>Exposición, con odilE, en el Convento de Sant Diego en Alaior (Menorca, Baleares) : «Latas y plásticos : Bellezas tóxicas».<br><strong>2019</strong> : «Paseo Azul» Edición de un <a href="http://vinceneux.fr/Photoblog/?page_id=2292" data-type="page" data-id="2292">libro</a> de fotos, todas tomadas a ras del agua en Menorca (Auto edición, textos de Philippe Gicquel).<br><strong>2018</strong> : «<em>Naoned Odysea, Homenaje a Nantes y sus poetas</em>» <a href="http://vinceneux.fr/Photoblog/?page_id=2292" data-type="page" data-id="2292">Libro</a> de poemas y fotos sobre Nantes (Textos Thomas Grison, Edición Au pays rêvé),<br><strong>2017</strong> : «<em>Más allá del espejo</em>» Exposición en Ciutadella (Menorca) : fotos tomadas a ras de la superficie del agua.. <br><strong>2016</strong> : «<em>Menorca, al filo del agua</em>» Exposición en Es Castell (Menorca), sobre el mismo tema. <br><strong>2017</strong> : «<em>Metamorfosis</em>» edición de un<a href="http://vinceneux.fr/Photoblog/?page_id=2292" data-type="page" data-id="2292"> libro</a> de fotos sobre la transformación del museo de las Bellas Artes de Nantes, con mi visión de la obra en el que mi mirada de ingeniero se une a este de fotógrafo. (Auto edición, textos de Philippe Gicquel). <br>Exposición de estas fotos en gran formato, en las rejas del jardín de las plantas en Nantes.<br><strong>2012&nbsp;</strong>: «<em>¿A que juega la mediateca Floresca Guépin?</em>» , En esta exposición en Nantes, odilE y yo, unamos nuestras miradas para dar la vida a nuestros Playmobil. <br><strong>2009-2010</strong> : Exposiciones en Nantes sobre la construcción de los puentes Senghor y Tabarly (sobre el Loira en Nantes).</p>



<p><br>En fin, publico en mi photoblog, de vez en cuando, mis ultimas fotos. Ver : <a href="http://vinceneux.fr/Photoblog/?page_id=2295" data-type="page" data-id="2295">Actualités (Blog)</a></p>



<p><span style="font-family: Times New Roman, serif;"><span style="font-size: small;"></span></span>También soy miembro del colectivo de fotógrafos Les PasNets: ver el sitio <a href="https://lespasnets.fr/" target="_blank" rel="noreferrer noopener">Les PasNets</a></p>
</div>



<p></p>

<p>Bernard Vinceneux : Fotógrafo Soy un fotógrafo Francés que vive en Saint-Nazaire, cerca de Nantes (Francia), o en Menorca (Islas Baleares, España). Mis temas favoritos en fotos son los paisajes, la arquitectura, las obras de arte y las fotografías tomadas a ras del agua. bernard@vinceneux.fr 2025 : «Baile de los Efímeros» Edición de un libro&#8230;</p>
