{"id":152,"date":"2016-05-20T15:48:53","date_gmt":"2016-05-20T13:48:53","guid":{"rendered":"http:\/\/vinceneux.fr\/Photoblog\/?page_id=152"},"modified":"2025-02-16T17:58:14","modified_gmt":"2025-02-16T16:58:14","slug":"who-i-am-english","status":"publish","type":"page","link":"http:\/\/www.vinceneux.fr\/Photoblog\/?page_id=152","title":{"rendered":"Who am I ? (English)"},"content":{"rendered":"\n<div class=\"wp-block-group is-layout-flow wp-block-group-is-layout-flow\">\n<p class=\"has-medium-font-size\"><span style=\"font-family: Verdana,serif;\"><span style=\"font-size: x-large;\"><b>Bernard Vinceneux<\/b><\/span><\/span> <strong>: Photographe<\/strong>r<\/p>\n\n\n\n<p>I am a French photographer who lives in <strong>Saint-Nazaire<\/strong>, near Nantes (<strong>France<\/strong>), or in <strong>Menorca<\/strong> (Balearic Islands, Spain).<br>My favourites subjects in photography are landscapes, architecture, engineering works &amp; structures and photoshoots at the surface of the sea.<\/p>\n\n\n\n<p><span style=\"color: #000080;\"><span style=\"font-family: Times New Roman, serif;\"><span style=\"font-size: large;\"><span lang=\"en-GB\"><u><a href=\"mailto:bernard@vinceneux.fr\"><\/a><a href=\"mailto:bernard@vinceneux.fr\">bernard@vinceneux.fr<\/a><\/u><\/span><\/span><\/span><\/span><\/p>\n\n\n\n<p><strong>2025<\/strong> : \u00ab\u00a0<em>Fleeting dance<\/em>\u00a0\u00bb (\u00ab\u00a0<em>Bal des \u00c9ph\u00e9m\u00e8res<\/em>\u00ab\u00a0) : <a href=\"http:\/\/vinceneux.fr\/Photoblog\/?page_id=2292\" data-type=\"page\" data-id=\"2292\">photography book<\/a>, photos shot on the water\u2019s edge (self-published, texts written by Fr\u00e9d\u00e9ric Magnin).<br><strong>2024<\/strong> : Exhibition in St-Nazaire&rsquo;s \u00ab\u00a0Agora\u00a0\u00bb as a part of the twinning with the Spanish city of Avil\u00e9s.<br><strong>2023<\/strong> : Exhibition in Paimboeuf (France), at the Art gallery \u00ab\u00a0Against the current\u00a0\u00bb, as a part of the artists collective \u00ab\u00a0<em>Les Pas Nets<\/em>\u00ab\u00a0.<br><strong>2022<\/strong> : \u00ab\u00a0<em>Toxic beauties<\/em>\u00a0\u00bb (\u00ab\u00a0<em>Beaut\u00e9s toxiques<\/em>\u00ab\u00a0) : <a href=\"http:\/\/vinceneux.fr\/Photoblog\/?page_id=2292\" data-type=\"page\" data-id=\"2292\">photo book<\/a> about the plastics (self-published, texts written by Philippe Gicquel).<br>Exhibition, with odilE (photographer), at Sant Diego&rsquo;s Convent in Alaior (Menorca, Balearic Islands): \u00ab\u00a0<em>Cans and Plastics : Toxic Beauties<\/em>\u00ab\u00a0.<br><strong>2019<\/strong> : \u00ab\u00a0<em>A walk in blue<\/em>\u00a0\u00bb (\u00ab\u00a0<em>Balade en bleu<\/em>\u00ab\u00a0) <a href=\"http:\/\/vinceneux.fr\/Photoblog\/?page_id=2292\" data-type=\"page\" data-id=\"2292\">photo book<\/a>, shot just above the surface of the sea, in Minorca (self-published, texts written by Philippe Gicquel).<br><strong>2018<\/strong> : \u00ab\u00a0<em>Naoned Odyssey, Tribute to Nantes and its poets<\/em>\u00a0\u00bb (\u00ab\u00a0<em>Naoned Odyss\u00e9e, hommage \u00e0 Nantes et ses po\u00e8tes<\/em>\u00ab\u00a0) : <a href=\"http:\/\/vinceneux.fr\/Photoblog\/?page_id=2292\" data-type=\"page\" data-id=\"2292\">book<\/a> with poems illustrated with photos about Nantes (Texts written by Thomas Grison, \u00ab\u00a0<em>Au pays r\u00eav\u00e9<\/em>\u00a0\u00bb publishing),<br><strong>2017<\/strong> : \u00ab\u00a0<em>Beyond the mirror<\/em>\u00ab\u00a0, Exhibition in Ciutadella (Menorca) : photos taken at the surface of the sea.<br><strong>2016<\/strong> : \u00ab\u00a0<em>Menorca, on the water<\/em>\u00ab\u00a0, Exhibition at Es Castell (Menorca), about the same theme.<br><strong>2017<\/strong> : \u00ab\u00a0<em>Metamorphosis<\/em>\u00a0\u00bb (\u00ab\u00a0<em>M\u00e9tamorphose<\/em>\u00ab\u00a0) : <a href=\"http:\/\/vinceneux.fr\/Photoblog\/?page_id=2292\" data-type=\"page\" data-id=\"2292\">photo book<\/a> about the transformation of Nantes&rsquo;s Fine Arts Museum, where my engineer\u2019s gaze combines with my photographer&rsquo;s eyes (self-published, texts written by Philippe Gicquel).<br>Exhibition of these photos in a large size, on the <em>grids of Nantes&rsquo;s botanic garden<\/em> (Jardin des Plantes).<br><strong>2012<\/strong> : \u00ab\u00a0<em>What is the Floresca Gu\u00e9pin media library playing at?<\/em>\u00ab\u00a0, in this exhibition in Nantes, odilE(photographer) and I, joined our eyes to give life to our Playmobils (toys).<br><strong>2009 &#8211; 2010<\/strong> : Exhibitions in Nantes about the construction of the Senghor and Tabarly bridges (crossing the river called \u00ab\u00a0Loire\u00a0\u00bb in Nantes).<\/p>\n\n\n\n<p>Finally, I share on my <strong>photoblog<\/strong>, as often as possible, my latests photos. See the page \u00ab\u00a0<em><a href=\"http:\/\/vinceneux.fr\/Photoblog\/?page_id=2295\" data-type=\"page\" data-id=\"2295\">Actualit\u00e9s (Blog)<\/a><\/em>\u00a0\u00bb : News (Blog)<\/p>\n\n\n\n<p>I am also part of the Collective of photographers<em> \u00ab\u00a0Les PasNets\u00a0\u00bb : see the website <\/em><a href=\"https:\/\/lespasnets.fr\/\" target=\"_blank\" rel=\"noreferrer noopener\">Les PasNets<\/a><br><br><br><br> <a href=\"https:\/\/lespasnets.fr\/\">Les PasNets<\/a><\/p>\n\n\n\n<p><span style=\"font-family: Times New Roman, serif;\"><span style=\"font-size: small;\"><\/span><\/span><\/p>\n<\/div>\n\n\n\n<p><\/p>\n","protected":false},"excerpt":{"rendered":"<p>Bernard Vinceneux : Photographer I am a French photographer who lives in Saint-Nazaire, near Nantes (France), or in Menorca (Balearic Islands, Spain).My favourites subjects in photography are landscapes, architecture, engineering works &amp; structures and photoshoots at the surface of the sea. bernard@vinceneux.fr 2025 : \u00ab\u00a0Fleeting dance\u00a0\u00bb (\u00ab\u00a0Bal des \u00c9ph\u00e9m\u00e8res\u00ab\u00a0) : photography book, photos shot on&#8230;<\/p>\n","protected":false},"author":1,"featured_media":0,"parent":145,"menu_order":3,"comment_status":"closed","ping_status":"closed","template":"","meta":{"_kad_post_transparent":"","_kad_post_title":"","_kad_post_layout":"","_kad_post_sidebar_id":"","_kad_post_content_style":"","_kad_post_vertical_padding":"","_kad_post_feature":"","_kad_post_feature_position":"","_kad_post_header":false,"_kad_post_footer":false,"_kad_post_classname":"","footnotes":""},"class_list":["post-152","page","type-page","status-publish","hentry"],"_links":{"self":[{"href":"http:\/\/www.vinceneux.fr\/Photoblog\/index.php?rest_route=\/wp\/v2\/pages\/152","targetHints":{"allow":["GET"]}}],"collection":[{"href":"http:\/\/www.vinceneux.fr\/Photoblog\/index.php?rest_route=\/wp\/v2\/pages"}],"about":[{"href":"http:\/\/www.vinceneux.fr\/Photoblog\/index.php?rest_route=\/wp\/v2\/types\/page"}],"author":[{"embeddable":true,"href":"http:\/\/www.vinceneux.fr\/Photoblog\/index.php?rest_route=\/wp\/v2\/users\/1"}],"replies":[{"embeddable":true,"href":"http:\/\/www.vinceneux.fr\/Photoblog\/index.php?rest_route=%2Fwp%2Fv2%2Fcomments&post=152"}],"version-history":[{"count":14,"href":"http:\/\/www.vinceneux.fr\/Photoblog\/index.php?rest_route=\/wp\/v2\/pages\/152\/revisions"}],"predecessor-version":[{"id":2763,"href":"http:\/\/www.vinceneux.fr\/Photoblog\/index.php?rest_route=\/wp\/v2\/pages\/152\/revisions\/2763"}],"up":[{"embeddable":true,"href":"http:\/\/www.vinceneux.fr\/Photoblog\/index.php?rest_route=\/wp\/v2\/pages\/145"}],"wp:attachment":[{"href":"http:\/\/www.vinceneux.fr\/Photoblog\/index.php?rest_route=%2Fwp%2Fv2%2Fmedia&parent=152"}],"curies":[{"name":"wp","href":"https:\/\/api.w.org\/{rel}","templated":true}]}}

<div class="wp-block-group is-layout-flow wp-block-group-is-layout-flow">
<p class="has-medium-font-size"><span style="font-family: Verdana,serif;"><span style="font-size: x-large;"><b>Bernard Vinceneux</b></span></span> <strong>: Photographe</strong>r</p>



<p>I am a French photographer who lives in <strong>Saint-Nazaire</strong>, near Nantes (<strong>France</strong>), or in <strong>Menorca</strong> (Balearic Islands, Spain).<br>My favourites subjects in photography are landscapes, architecture, engineering works &amp; structures and photoshoots at the surface of the sea.</p>



<p><span style="color: #000080;"><span style="font-family: Times New Roman, serif;"><span style="font-size: large;"><span lang="en-GB"><u><a href="mailto:bernard@vinceneux.fr"></a><a href="mailto:bernard@vinceneux.fr">bernard@vinceneux.fr</a></u></span></span></span></span></p>



<p><strong>2025</strong> : « <em>Fleeting dance</em> » (« <em>Bal des Éphémères</em>« ) : <a href="http://vinceneux.fr/Photoblog/?page_id=2292" data-type="page" data-id="2292">photography book</a>, photos shot on the water’s edge (self-published, texts written by Frédéric Magnin).<br><strong>2024</strong> : Exhibition in St-Nazaire&rsquo;s « Agora » as a part of the twinning with the Spanish city of Avilés.<br><strong>2023</strong> : Exhibition in Paimboeuf (France), at the Art gallery « Against the current », as a part of the artists collective « <em>Les Pas Nets</em>« .<br><strong>2022</strong> : « <em>Toxic beauties</em> » (« <em>Beautés toxiques</em>« ) : <a href="http://vinceneux.fr/Photoblog/?page_id=2292" data-type="page" data-id="2292">photo book</a> about the plastics (self-published, texts written by Philippe Gicquel).<br>Exhibition, with odilE (photographer), at Sant Diego&rsquo;s Convent in Alaior (Menorca, Balearic Islands): « <em>Cans and Plastics : Toxic Beauties</em>« .<br><strong>2019</strong> : « <em>A walk in blue</em> » (« <em>Balade en bleu</em>« ) <a href="http://vinceneux.fr/Photoblog/?page_id=2292" data-type="page" data-id="2292">photo book</a>, shot just above the surface of the sea, in Minorca (self-published, texts written by Philippe Gicquel).<br><strong>2018</strong> : « <em>Naoned Odyssey, Tribute to Nantes and its poets</em> » (« <em>Naoned Odyssée, hommage à Nantes et ses poètes</em>« ) : <a href="http://vinceneux.fr/Photoblog/?page_id=2292" data-type="page" data-id="2292">book</a> with poems illustrated with photos about Nantes (Texts written by Thomas Grison, « <em>Au pays rêvé</em> » publishing),<br><strong>2017</strong> : « <em>Beyond the mirror</em>« , Exhibition in Ciutadella (Menorca) : photos taken at the surface of the sea.<br><strong>2016</strong> : « <em>Menorca, on the water</em>« , Exhibition at Es Castell (Menorca), about the same theme.<br><strong>2017</strong> : « <em>Metamorphosis</em> » (« <em>Métamorphose</em>« ) : <a href="http://vinceneux.fr/Photoblog/?page_id=2292" data-type="page" data-id="2292">photo book</a> about the transformation of Nantes&rsquo;s Fine Arts Museum, where my engineer’s gaze combines with my photographer&rsquo;s eyes (self-published, texts written by Philippe Gicquel).<br>Exhibition of these photos in a large size, on the <em>grids of Nantes&rsquo;s botanic garden</em> (Jardin des Plantes).<br><strong>2012</strong> : « <em>What is the Floresca Guépin media library playing at?</em>« , in this exhibition in Nantes, odilE(photographer) and I, joined our eyes to give life to our Playmobils (toys).<br><strong>2009 &#8211; 2010</strong> : Exhibitions in Nantes about the construction of the Senghor and Tabarly bridges (crossing the river called « Loire » in Nantes).</p>



<p>Finally, I share on my <strong>photoblog</strong>, as often as possible, my latests photos. See the page « <em><a href="http://vinceneux.fr/Photoblog/?page_id=2295" data-type="page" data-id="2295">Actualités (Blog)</a></em> » : News (Blog)</p>



<p>I am also part of the Collective of photographers<em> « Les PasNets » : see the website </em><a href="https://lespasnets.fr/" target="_blank" rel="noreferrer noopener">Les PasNets</a><br><br><br><br> <a href="https://lespasnets.fr/">Les PasNets</a></p>



<p><span style="font-family: Times New Roman, serif;"><span style="font-size: small;"></span></span></p>
</div>



<p></p>

<p>Bernard Vinceneux : Photographer I am a French photographer who lives in Saint-Nazaire, near Nantes (France), or in Menorca (Balearic Islands, Spain).My favourites subjects in photography are landscapes, architecture, engineering works &amp; structures and photoshoots at the surface of the sea. bernard@vinceneux.fr 2025 : « Fleeting dance » (« Bal des Éphémères« ) : photography book, photos shot on&#8230;</p>
